est common divisor of 132 and 30687288?
12
What is the highest common divisor of 3968 and 490178944?
3968
Calculate the greatest common factor of 87480208 and 16.
16
Calculate the greatest common factor of 231788132 and 202.
202
What is the highest common divisor of 34797591 and 18?
9
Calculate the greatest common divisor of 152 and 4571144.
8
Calculate the greatest common divisor of 1894178 and 424588.
358
Calculate the greatest common factor of 1924440 and 401320.
3160
Calculate the greatest common factor of 81 and 182908359.
9
Calculate the greatest common divisor of 1280004 and 396.
132
What is the greatest common factor of 746346 and 8?
2
What is the highest common factor of 789 and 39020258?
263
What is the greatest common divisor of 30038 and 4653278?
1306
What is the highest common factor of 11305404 and 22?
22
What is the highest common factor of 131132061 and 9?
9
What is the highest common factor of 1105920 and 18954?
54
What is the highest common divisor of 3725 and 4246351?
149
What is the highest common divisor of 7007548 and 59708?
5428
Calculate the highest common divisor of 168174 and 4842.
18
What is the highest common divisor of 417049 and 7132173?
2117
Calculate the greatest common factor of 25997408 and 508.
508
Calculate the highest common factor of 10431115 and 680.
85
Calculate the greatest common factor of 422359 and 1099.
7
What is the greatest common factor of 16291 and 478049?
11
Calculate the highest common factor of 92 and 23960549.
23
Calculate the greatest common divisor of 648 and 184788720.
72
What is the greatest common factor of 280560 and 3654795?
2505
Calculate the greatest common divisor of 31369 and 7854315.
2413
Calculate the highest common factor of 5191611 and 21288.
2661
Calculate the highest common factor of 3080121 and 66.
33
What is the greatest common factor of 344279133 and 132?
33
Calculate the greatest common divisor of 90 and 66447657.
9
What is the highest common divisor of 1975 and 190864?
79
Calculate the highest common factor of 79501 and 6687.
743
What is the greatest common divisor of 49260710 and 460?
230
What is the highest common factor of 94 and 93142626?
94
What is the greatest common factor of 70 and 21891142?
14
What is the greatest common factor of 24353 and 144769?
71
What is the highest common factor of 314 and 4364914?
314
Calculate the greatest common factor of 742540182 and 8454.
8454
What is the greatest common divisor of 1654555287 and 3201?
3201
Calculate the greatest common factor of 5544 and 2851156.
308
Calculate the highest common divisor of 7396 and 28466.
86
What is the highest common factor of 679652593 and 139?
139
What is the greatest common factor of 187191 and 3375?
27
Calculate the highest common divisor of 10 and 366651290.
10
Calculate the highest common factor of 57 and 7295468.
19
What is the greatest common factor of 45234 and 663306?
42
Calculate the highest common factor of 28803164 and 5396.
76
Calculate the highest common factor of 1139334 and 7756.
14
What is the greatest common divisor of 111120 and 909900?
60
What is the highest common divisor of 242109 and 36369?
81
What is the greatest common divisor of 49289 and 198168?
23
What is the highest common factor of 11281152 and 1536?
768
Calculate the greatest common factor of 25580394 and 2170.
434
What is the highest common divisor of 350 and 24008950?
350
What is the greatest common factor of 30 and 33396590?
10
What is the highest common divisor of 52141 and 45732191?
2267
Calculate the highest common factor of 522676 and 19012.
28
Calculate the greatest common divisor of 150075 and 145575.
225
Calculate the greatest common divisor of 454278 and 21780.
66
Calculate the greatest common divisor of 2650165 and 115630.
1865
What is the greatest common divisor of 165900039 and 1653?
1653
What is the greatest common divisor of 820112 and 81808?
16
What is the highest common divisor of 1 and 13935898?
1
Calculate the greatest common divisor of 398 and 9456878.
398
What is the greatest common factor of 528504810 and 75?
15
What is the highest common divisor of 147230 and 102470?
10
What is the greatest common divisor of 732 and 17523?
3
What is the highest common factor of 8790 and 155670?
30
What is the greatest common divisor of 184888858 and 2254?
2254
What is the highest common factor of 319176 and 462033?
1287
What is the highest common factor of 8070206 and 679?
97
What is the greatest common divisor of 5387360 and 75680?
1760
What is the highest common divisor of 227 and 78074153?
227
Calculate the greatest common factor of 8 and 28196244.
4
Calculate the greatest common factor of 70184160 and 3660.
3660
Calculate the greatest common factor of 1392188 and 76.
4
Calculate the highest common divisor of 16220 and 11416447.
811
What is the highest common factor of 5712 and 554414574?
714
Calculate the greatest common factor of 25 and 2472100.
25
What is the greatest common factor of 433608 and 2197272?
4872
Calculate the highest common divisor of 538054 and 21978.
814
Calculate the highest common divisor of 3351644 and 62288.
916
Calculate the highest common divisor of 3375 and 1456029.
27
Calculate the highest common factor of 1328628 and 63084.
84
What is the highest common factor of 559 and 288745?
43
What is the highest common factor of 2649 and 13971709?
883
What is the highest common factor of 24448079 and 17429?
601
What is the highest common factor of 38610 and 5622240?
390
Calculate the greatest common divisor of 23167164 and 33.
3
Calculate the highest common divisor of 136 and 52109879.
17
What is the greatest common divisor of 154886 and 25112?
86
Calculate the greatest common factor of 70 and 4111184.
14
Calculate the highest common divisor of 374510 and 16847.
17
Calculate the greatest common divisor of 5391 and 154701.
9
What is the highest common divisor of 652 and 41971522?
326
Calculate the greatest common divisor of 354758701 and 296.
37
Calculate the greatest common factor of 1010198 and 336.
14
What is the greatest common factor of 132984924 and 22908?
996
What is the highest common factor of 9725 and 62725?
25
What is the greatest common divisor of 9354 and 17466?
6
What is the highest common factor of 274434325 and 1291?
1291
What is the highest common divisor of 604 and 3437980382?
302
What is the greatest common divisor of 5230380 and 588?
12
What is the greatest common factor of 59 and 2422274618?
59
Calculate the highest common divisor of 10674 and 2110302.
18
What is the greatest common divisor of 26101 and 1788628?
43
What is the greatest common factor of 25816 and 8139416?
3688
Calculate the highest common divisor of 527 and 20390033.
31
Calculate the highest common factor of 29555 and 91885.
115
Calculate the highest common divisor of 57002776 and 355.
71
What is the greatest common factor of 13672127 and 5341?
49
Calculate the greatest common factor of 1259971 and 123082.
3239
What is the greatest common divisor of 1423 and 966235499?
1423
Calculate the greatest common divisor of 11772192 and 3.
3
What is the greatest common divisor of 1088304 and 454566?
3318
Calculate the greatest common divisor of 1028 and 37329764.
1028
What is the greatest common factor of 5684 and 5201644?
196
Calculate the greatest common divisor of 300 and 16554990.
30
Calculate the greatest common divisor of 29995 and 64260.
35
Calculate the greatest common divisor of 587922297 and 207.
69
Calculate the greatest common factor of 259 and 61951246.
259
What is the highest common divisor of 2718 and 1226520?
18
Calculate the greatest common divisor of 401556 and 23208.
12
Calculate the highest common divisor of 31572 and 56142.
18
What is the greatest common divisor of 7866 and 54910?
38
Calculate the greatest common divisor of 14232824 and 1368.
152
Calculate the greatest common divisor of 1952416 and 98552.
776
What is the greatest common factor of 1880 and 17001122?
94
Calculate the highest common factor of 82001 and 2383619.
43
Calculate the highest common factor of 4336282 and 1177.
107
What is the greatest common factor of 15108003 and 120951?
1359
Calculate the highest common divisor of 784375 and 18125.
625
Calculate the highest common divisor of 72 and 25698504.
24
Calculate the grea